3*v + 5*t + 47 = 0, z = 4*v - 5*v - 5*t + 49. List the prime factors of v.
2, 3
Suppose 3*t + g - 66 = 83, 0 = -3*g + 15. Suppose -5*d + 4*v = -193, 4*d + 2*v - 218 = -t. List the prime factors of d.
41
List the prime factors of (-10)/(-7) + -2 + (-42080)/(-140).
2, 3, 5
Let y be (-6 + 7)/(1/2). Suppose -y*v + 3 = -3. Suppose 8*w - 160 = v*w. List the prime factors of w.
2
Let x be 2*((-132)/(-8) - -1 - -3). List the prime factors of 3 + x - (2 + -2).
2, 11
Let m(h) = h**2 + 5*h + 2. Let l be m(-5). Suppose 0 = -5*a + 4*a + l. What are the prime factors of (4 - a)/(2/2)?
2
Suppose -1 + 2 = d. Let y(n) = -56*n**3 - n**2 + 1. Let o be y(d). Let f = -20 - o. What are the prime factors of f?
2, 3
Suppose -2*c + 0*f - 3*f = -1640, 806 = c - 2*f. What are the prime factors of c?
2, 11, 37
Let f(k) = k**3 - 6*k**2 - 5*k - 10. Let y be f(7). Suppose 4*i - 4*n - 144 = 0, -y*i + 191 = -3*n + 44. What are the prime factors of i?
3, 13
Suppose 2*g + 23 = w, 4*g + 2*w + 50 = -0*w. Let y = g + 10. Let v(i) = -i**3 + 2*i**2 + 4*i + 3. List the prime factors of v(y).
11
Let y(g) = 5 - 1 + 4 + g - 1. Let b be y(5). Suppose s - 36 = -b. List the prime factors of s.
2, 3
Let i(l) = l**3 - l**2 - l - 36. Let d be i(0). Let g be 5/2 + 450/d. What are the prime factors of 12/g*25/(-10)?
3
Let g(t) = t**3 - t - 1. Let c(d) = 2*d**3 + 3*d**2 - 4*d - 5. Let k(j) = -c(j) + 3*g(j). Let b be k(3). Suppose -f + 2 = -b. What are the prime factors of f?
7
Suppose -5*v + 275 = -5*r, -2*r + 3 - 113 = 2*v. Let y = r - -80. Let g = 53 - y. List the prime factors of g.
2, 7
Suppose 35*u - 820 = 31*u. What are the prime factors of u?
5, 41
Let o = 962 + -505. What are the prime factors of o?
457
Let i(h) = -h**2 - h - 12. Let w be i(0). Let p be -6*(-3 - 28/w). What are the prime factors of p/(1 - (-6)/(-9))?
2, 3
Let h = -15 - -29. Let r(v) = 2*v**3 + 18*v + 4*v**3 - 10 + 0*v**3 - 5*v**3 - 15*v**2. List the prime factors of r(h).
2, 23
Let w(a) = 24*a**2 - 1. Let m(r) = r**2 + 3*r + 4. Let h be m(-2). Suppose -h*y - 4 = -6*y. What are the prime factors of w(y)?
23
Let s(p) be the third derivative of -p**4/8 - 7*p**3/2 + 4*p**2. What are the prime factors of s(-19)?
2, 3
Let v = 20 - 17. Suppose -v*x - 5*r - 26 = -120, -3*x + 5*r + 44 = 0. List the prime factors of x.
23
Let p be -18*(-1)/2 + 0 + 1. List the prime factors of 5/p*2 - -86.
3, 29
Let h = 462 + -173. Suppose -601 = -10*g + h. List the prime factors of g.
89
Let f = -14 + 30. Let m = f + 119. List the prime factors of m.
3, 5
Let o = 25 + -22. List the prime factors of (229/o)/((-9)/(-27)).
229
Suppose k - 1600 = -5*o - k, -5*o + 5*k + 1600 = 0. What are the prime factors of o?
2, 5
Suppose 0 = 4*j + j - 3*v + 66, v + 3 = 0. What are the prime factors of ((-10)/j)/1*(-393)/(-2)?
131
Let r be -3*(-3 + 4) - -8. Suppose -6 = -r*b + 24. Suppose -b*w + 44 = -5*w. List the prime factors of w.
2, 11
Let c(n) = -n**3 - 27*n**2 - n - 24. Let y be c(-27). Suppose y*g - 415 = -346. List the prime factors of g.
23
Suppose 2*r + 2*g - 3*g - 55 = 0, 2*r - 70 = -4*g. Let u = 33 - r. Suppose -92 = 3*p - u*p + 4*y, -308 = -4*p - 4*y. List the prime factors of p.
2, 5
Let h be -3*(15 + 16/(-4)). Let t = h + 68. What are the prime factors of t?
5, 7
Let x(c) = -c**3 - 2*c**2 + 6*c + 2. Let i be x(-4). Let q = -5 + i. Let r = 12 - q. What are the prime factors of r?
7
Let x be (2/(-4)*0/(-6))/2. Suppose 4*o - 253 = -g, 2*o + g = -0*g + 127. List the prime factors of o + (x - 1) + 3.
5, 13
Suppose 5*d = -4*q + 2080, 2*d + 507 = -8*q + 9*q. What are the prime factors of q?
5, 103
Let o be ((-27)/(-12))/((-3)/(-8)). Let b be o + (0 - 0) + -1. Suppose -4*a + 125 = 5*w - 5, 0 = b*w - a - 130. List the prime factors of w.
2, 13
Suppose -32*a = -23*a - 1764. List the prime factors of a.
2, 7
List the prime factors of 2*603 - (-3 + -1).
2, 5, 11
Let o = -2 + 1044. What are the prime factors of o?
2, 521
Suppose -3*w - 2*t + 1149 = -0*w, 5*t = 15. What are the prime factors of w?
3, 127
Let r(v) be the third derivative of 7*v**5/60 + 14*v**3/3 + 3*v**2 - 2. What are the prime factors of r(6)?
2, 5, 7
What are the prime factors of 438/5*(20/(-15) + 3)?
2, 73
Let x(y) be the second derivative of 7*y**4/12 + y**3 + 8*y**2 - 5*y. List the prime factors of x(-4).
2, 13
Suppose 3*s = g + 2*s - 2719, 0 = g + s - 2713. What are the prime factors of g?
2, 7, 97
Let k = -8 - -10. Suppose 16 - 2 = -k*p. What are the prime factors of 1/p - (-1183)/49?
2, 3
Suppose 26*g + 27094 = 45*g. List the prime factors of g.
2, 23, 31
Let i(h) = 15*h**2 - 33*h. List the prime factors of i(8).
2, 3, 29
Let l(d) be the first derivative of d**4/4 - 8*d**3/3 - d**2 - 9*d - 613. Let w = -6 + 15. What are the prime factors of l(w)?
2, 3
Let s = -344 - -1361. What are the prime factors of s?
3, 113
Let p = -43 + 500. List the prime factors of p.
457
Let y(w) = w**3 - 4*w**2 + 19*w - 12. List the prime factors of y(5).
2, 3
Let h = 54 + -59. List the prime factors of (0 - (2 + h)) + (53 - -1).
3, 19
What are the prime factors of -1*(-421 + 0 + -5)?
2, 3, 71
Let u(s) = s + 9. Let p = -16 - -11. Let r be u(p). Suppose -12 + r = -g. What are the prime factors of g?
2
Let v(i) = i**2 - 66. List the prime factors of v(-12).
2, 3, 13
Let j(h) = 31*h + 59. List the prime factors of j(24).
11, 73
Let d(n) = 2*n**2 + 9*n + 5. Let g be d(-7). Let r = -38 + g. What are the prime factors of (r/3)/(6/711)?
79
Let f(y) = 4*y**2 - 5. Let i be f(-3). Suppose -z - 52 = -2*d + 3*z, d - i = 3*z. List the prime factors of d.
2
What are the prime factors of 13970/6 - 120/90?
13, 179
Suppose -5*d + 4 - 19 = 0, 0 = -2*b + 4*d + 1248. List the prime factors of b.
2, 3, 103
Suppose 2*t = 2*g + 38 + 86, -3*t + 2*g = -182. Suppose -k = 3*k + 2*v - 218, 0 = -k + 3*v + t. What are the prime factors of k?
5, 11
Suppose -20 - 16 = -6*j. Let t be (j/4)/((-12)/(-40)). Suppose 26 = t*v - 79. What are the prime factors of v?
3, 7
Let r = -3 + 5. Suppose r*y = -2*y - 20. Let h = 40 + y. List the prime factors of h.
5, 7
Let b(y) = y**3 - 14*y**2 - 81*y - 35. List the prime factors of b(22).
3, 5, 137
List the prime factors of ((-112)/64)/(1/(-260)).
5, 7, 13
Suppose 0 = -4*m + 13 - 1. Suppose m*l - 11 = -l - x, -4*x + 8 = -2*l. Suppose 3*k - 3*i - 39 = 0, -l*k - 6*i = -2*i - 38. List the prime factors of k.
3, 5
Let g be ((-1)/4)/(1/(-8)). Suppose 2*j = -3*i + 959 + 1144, 0 = 4*j + g*i - 4186. List the prime factors of j/21 + 4/14.
2, 5
Suppose -3*h + 10012 = -2*k, -5*k + 1452 = -3*h + 11470. What are the prime factors of h?
2, 3, 139
Let j(m) = -7*m - 22. Let l(z) = -6*z - 21. Let c(y) = 5*j(y) - 6*l(y). Let v be c(-15). What are the prime factors of v/6 - 583/(-66)?
3
Let q be 1/(6/1023) + 6/(-4). Let z = q + -76. What are the prime factors of z?
3, 31
Let f be 3/(4/((-32)/(-3))). Suppose 4*m = f*m - 4. What are the prime factors of 6 + -1 - (-4 + m)?
2
Suppose 0 = j - f - 1985, 2*j + 4*f = j + 1990. What are the prime factors of j?
2, 3, 331
Let w(m) = -m - 17. Let d be w(-13). Let l be (-247)/d - (-1)/4. Let f = l - 15. What are the prime factors of f?
47
Let i be (-16)/(-10) - (-2)/5. Let k be (5/i)/(3/36). Suppose 0 = 2*w - 12 - k. What are the prime factors of w?
3, 7
Let y(j) = -j**2 + 15*j - 48. Let t be y(5). What are the prime factors of 1/(-1) + (t - -327)?
2, 41
Suppose -21 + 0 = -y. List the prime factors of 27/15*1295/y.
3, 37
Let p = 579 - 424. What are the prime factors of p?
5, 31
Let k(z) = 2*z - 14. Let l be k(10). Let s(c) = c**2 - c - 10. Let f(m) = 3*m**2 - 2*m - 21. Let n(o) = 2*f(o) - 5*s(o). List the prime factors of n(l).
2, 5
Let a be 204*((-6)/9)/(12/(-9)). Suppose 0 = -u + 4*d + a, -5*u - 11 = -4*d - 473. List the prime factors of u.
2, 3, 5
Let m(c) = 4*c**2 - 4*c + 3. Let u be m(2). Let r(f) = 4*f. List the prime factors of r(u).
2, 11
Let x be (8 + -1)*18/21. Suppose -x*d = -129 - 99. List the prime factors of d.
2, 19
Let f = -226 + 775. What are the prime factors of f?
3, 61
Let d be (-132)/(-6) - (-2)/2. Let x be (-4)/(-14) - 44/7. Let j = d + x. What are the prime factors of j?
17
Let m(i) = -14*i + 4. Let a be m(-2). List the prime factors of (-2)/(-8) - (-920)/a.
29
Suppose -3*t = -b - 681, 4*b - 103 + 557 = 2*t. Suppose 0 = 4*f + f - x - 1030, 4*x = -f + t. What are th